 prime?
False
Is 103290528571 composite?
True
Is 2994255827 prime?
True
Is 42910143697 prime?
False
Is 18943218331 a prime number?
False
Is 1312884649 a prime number?
False
Is 2500943447 a prime number?
True
Is 31016827 a prime number?
True
Is 845093479 prime?
False
Is 113609143993 prime?
True
Is 320008459 prime?
False
Is 33804136559 prime?
True
Is 101422149067 prime?
True
Is 6528082097 a composite number?
False
Is 127943363 prime?
True
Is 8805136817 prime?
True
Is 68868778141 composite?
False
Is 56479883 composite?
False
Is 649414193 composite?
False
Is 640952603 composite?
True
Is 142171429 a composite number?
False
Is 1106856967 prime?
False
Is 2257618109 prime?
True
Is 17195637839 prime?
False
Is 1427228021 a composite number?
False
Is 131549791 a prime number?
False
Is 6075985607 composite?
True
Is 167678918455 a prime number?
False
Is 36010044263 composite?
False
Is 21617636681 prime?
False
Is 5575225421 a prime number?
True
Is 35611536343 a prime number?
True
Is 14985237563 prime?
True
Is 3514348823 a composite number?
True
Is 180043315357 a composite number?
True
Is 684483437 composite?
True
Is 8777720801 prime?
True
Is 986739685 a prime number?
False
Is 94485604481 a prime number?
False
Is 2600842969 a composite number?
False
Is 5875112273 composite?
False
Is 7192246 a prime number?
False
Is 224923591931 a prime number?
False
Is 103781061691 a prime number?
True
Is 26998168929 a composite number?
True
Is 44830440671 composite?
False
Is 304542419003 a composite number?
False
Is 621663767 a composite number?
True
Is 17177445067 a prime number?
True
Is 588799049 prime?
False
Is 16184611249 a prime number?
False
Is 564512893 a prime number?
False
Is 13787222863 a prime number?
False
Is 53178414371 composite?
True
Is 53041698239 a prime number?
False
Is 1734105227 prime?
False
Is 93609971219 prime?
True
Is 88417479407 composite?
False
Is 1512646973 a prime number?
False
Is 7467466177 a prime number?
False
Is 5092377697 a prime number?
False
Is 1386823423 composite?
False
Is 1611257231 composite?
False
Is 863174441 a prime number?
True
Is 21573245467 composite?
False
Is 59556715 prime?
False
Is 3736808323 composite?
False
Is 10339186777 a prime number?
True
Is 504303971 a composite number?
True
Is 2923137611 a composite number?
False
Is 51316950493 a prime number?
False
Is 168015977 a composite number?
False
Is 1998967429 prime?
True
Is 38219715139 prime?
True
Is 39112550803 a prime number?
True
Is 3035792401 composite?
False
Is 5718899 a prime number?
True
Is 2530705403 prime?
False
Is 657794811559 a prime number?
True
Is 104051867069 prime?
True
Is 20930809291 a prime number?
False
Is 56939020861 a composite number?
True
Is 4497238315 a composite number?
True
Is 51509670713 a composite number?
True
Is 4952305837 a prime number?
True
Is 760620827 prime?
True
Is 52401053519 composite?
True
Is 21616232969 a composite number?
False
Is 33478099279 a prime number?
True
Is 624098771 prime?
True
Is 44476697 composite?
False
Is 647419697 a composite number?
True
Is 23376659077 a composite number?
False
Is 525294703 prime?
True
Is 23357756847 prime?
False
Is 4821314291 a composite number?
True
Is 2581874819 prime?
True
Is 75272386597 a composite number?
True
Is 5757043429 a prime number?
True
Is 47836411187 prime?
True
Is 35393524651 a prime number?
True
Is 108539282 a prime number?
False
Is 1126588805 a prime number?
False
Is 1978224527 a composite number?
False
Is 1321197001 a prime number?
True
Is 3394492433 a prime number?
True
Is 1756127321 prime?
False
Is 4173568759 composite?
True
Is 167509189 composite?
True
Is 9398461949 a prime number?
False
Is 121327517 a prime number?
True
Is 92848627909 composite?
False
Is 310656841 prime?
False
Is 1938583351 a composite number?
True
Is 351356363 composite?
False
Is 76059761 a composite number?
False
Is 1534731611 composite?
True
Is 22586802059 a prime number?
True
Is 1550185897 prime?
False
Is 68978612413 composite?
True
Is 6138587401 a composite number?
False
Is 33141422179 composite?
True
Is 1685521387 a prime number?
False
Is 828726607 a composite number?
True
Is 1925446949 composite?
False
Is 9010875953 prime?
True
Is 1430840941 a prime number?
True
Is 591193331 prime?
True
Is 43075271 prime?
True
Is 98915366391 prime?
False
Is 17082243323 prime?
False
Is 43494341467 a composite number?
False
Is 16780213331 a composite number?
True
Is 770674969 composite?
False
Is 37167349957 a composite number?
False
Is 627615671 a composite number?
False
Is 20180902057 a composite number?
False
Is 78927906803 a prime number?
True
Is 16439658091 a prime number?
False
Is 298645357 a composite number?
False
Is 10719423581 prime?
True
Is 2468543927 a composite number?
False
Is 690775991 composite?
False
Is 7450319213 composite?
True
Is 63547589 prime?
False
Is 13213339021 a composite number?
True
Is 830330099 a composite number?
True
Is 1052184701 prime?
False
Is 42675438431 composite?
True
Is 2013627587 a prime number?
True
Is 333124406 a prime number?
False
Is 4932691521 a composite number?
True
Is 2179565021 a prime number?
True
Is 6253531829 a composite number?
False
Is 1044998373 a composite number?
True
Is 3145632817 composite?
False
Is 5590227319 a composite number?
False
Is 385691973 a composite number?
True
Is 18159739283 composite?
True
Is 136683875879 a composite number?
True
Is 1328205803 composite?
True
Is 18218726537 composite?
True
Is 52988858023 a prime number?
False
Is 33193848851 a composite number?
True
Is 12383610923 a composite number?
False
Is 6697861787 a composite number?
False
Is 281489071 a composite number?
False
Is 47660705597 a prime number?
True
Is 7961703523 prime?
False
Is 24615470903 prime?
True
Is 931194793 prime?
False
Is 5418828731 prime?
True
Is 1110460541 a prime number?
False
Is 643021963 a composite number?
False
Is 3497823757 a prime number?
True
Is 289906919 a prime number?
False
Is 29706406061 composite?
False
Is 1003645793 a composite number?
False
Is 12435573697 a composite number?
True
Is 68975057 a prime number?
True
Is 596803957 a prime number?
False
Is 1961377694 a prime number?
False
Is 699274937 prime?
False
Is 225940936523 composite?
False
Is 861351143 a composite number?
False
Is 499264039 composite?
False
Is 3399127909 composite?
False
Is 35862382931 prime?
True
Is 4743654733 composite?
False
Is 3627729481 prime?
False
Is 241444128461 a composite number?
True
Is 3916806211 composite?
False
Is 42328187 a prime number?
False
Is 6244349 a prime number?
True
Is 11691035899 composite?
True
Is 45984197087 prime?
True
Is 78982131637 composite?
True
Is 27664749874 composite?
True
Is 504224117 a composite number?
False
Is 71970990085 composite?
True
Is 335647889 a prime number?
False
Is 77667507487 a prime number?
False
Is 3034622593 composite?
True
Is 370775287 composite?
True
Is 27124115687 prime?
False
Is 143311506721 composite?
False
Is 440544791 prime?
True
Is 303735534337 composite?
False
Is 1087346563 composite?
True
Is 959385313 a prime number?
True
Is 502423399 a prime number?
False
Is 229273211 prime?
True
Is 18053131519 a composite number?
True
Is 53571607855 composite?
True
Is 2981994034 composite?
True
Is 75478272763 a composite number?
True
Is 3623836757 a composite number?
False
Is 18444866791 a composite number?
True
Is 1610083939 a composite number?
False
Is 6902297119 prime?
True
Is 2394331063 prime?
True
Is 112314997 composite?
True
Is 525584651 a composite number?
False
Is 16263689831 composite?
False
Is 3816033989 a prime number?
False
Is 80479177223 a composite number?
False
Is 2666582405 a composite number?
True
Is 2641811657 prime?
True
Is 578145473 a composite number?
True
Is 20230016231 composite?
False
Is 820111159 a composite number?
True
Is 67872465159 composite?
True
Is 21728517 a prime number?
False
Is 216832273941 a composite number?
True
Is 253169853401 prime?
True
Is 419848771 composite?
False
Is 639114859 prime?
True
Is 920351561 composite?
True
Is 24701485271 a prime number?
True
Is 17800152794 a prime number?
False
Is 2585205619 prime?
False
Is 9840540143 prime?
False
Is 479724691 a prime number?
False
Is 62338976941 composite?
False
Is 5894717053 prime?
False
Is 7308212393 prime?
False
Is 1400971027 a prime number?
False
Is 90894